{"id":358,"date":"2025-09-04T08:12:08","date_gmt":"2025-09-04T06:12:08","guid":{"rendered":"https:\/\/speakfle.fr\/?page_id=358"},"modified":"2025-09-04T08:12:08","modified_gmt":"2025-09-04T06:12:08","slug":"358-2","status":"publish","type":"page","link":"https:\/\/speakfle.fr\/?page_id=358","title":{"rendered":""},"content":{"rendered":"\n<p class=\"has-text-align-center\"><strong>Cours en ligne<\/strong><\/p>\n\n\n\n<p><strong>Speak FLE, c&#8217;est aussi la possibilit\u00e9 d&#8217;apprendre depuis chez vous<\/strong> !<\/p>\n\n\n\n<p>Vous disposez d&#8217;une connexion internet, vous souhaitez apprendre le fran\u00e7ais \u00e0 distance, je vous propose des cours sur mesure via Skype ou une autre application de votre choix. <strong>1 h de face \u00e0 face avec le professeur<\/strong>, pour am\u00e9liorer votre communication orale. <\/p>\n\n\n\n<p>Vous travaillerez la conversation orale \u00e0 partir de documents vari\u00e9s : textes, sujets d&#8217;\u00e9preuves DELF, articles de presse, etc.<\/p>\n","protected":false},"excerpt":{"rendered":"<p>Cours en ligne Speak FLE, c&#8217;est aussi la possibilit\u00e9 d&#8217;apprendre depuis chez vous ! Vous disposez d&#8217;une connexion internet, vous souhaitez apprendre le fran\u00e7ais \u00e0 distance, je vous propose des cours sur mesure via Skype ou une autre application de votre choix. 1 h de face \u00e0 face avec le professeur, pour am\u00e9liorer votre communication [&hellip;]<\/p>\n","protected":false},"author":1,"featured_media":0,"parent":0,"menu_order":0,"comment_status":"closed","ping_status":"closed","template":"","meta":{"_monsterinsights_skip_tracking":false,"_monsterinsights_sitenote_active":false,"_monsterinsights_sitenote_note":"","_monsterinsights_sitenote_category":0,"footnotes":""},"class_list":["post-358","page","type-page","status-publish","hentry"],"_links":{"self":[{"href":"https:\/\/speakfle.fr\/index.php?rest_route=\/wp\/v2\/pages\/358","targetHints":{"allow":["GET"]}}],"collection":[{"href":"https:\/\/speakfle.fr\/index.php?rest_route=\/wp\/v2\/pages"}],"about":[{"href":"https:\/\/speakfle.fr\/index.php?rest_route=\/wp\/v2\/types\/page"}],"author":[{"embeddable":true,"href":"https:\/\/speakfle.fr\/index.php?rest_route=\/wp\/v2\/users\/1"}],"replies":[{"embeddable":true,"href":"https:\/\/speakfle.fr\/index.php?rest_route=%2Fwp%2Fv2%2Fcomments&post=358"}],"version-history":[{"count":2,"href":"https:\/\/speakfle.fr\/index.php?rest_route=\/wp\/v2\/pages\/358\/revisions"}],"predecessor-version":[{"id":361,"href":"https:\/\/speakfle.fr\/index.php?rest_route=\/wp\/v2\/pages\/358\/revisions\/361"}],"wp:attachment":[{"href":"https:\/\/speakfle.fr\/index.php?rest_route=%2Fwp%2Fv2%2Fmedia&parent=358"}],"curies":[{"name":"wp","href":"https:\/\/api.w.org\/{rel}","templated":true}]}}