{"id":343,"date":"2023-10-09T09:58:05","date_gmt":"2023-10-09T07:58:05","guid":{"rendered":"https:\/\/speakfle.fr\/?page_id=343"},"modified":"2023-11-24T15:17:52","modified_gmt":"2023-11-24T14:17:52","slug":"343-2","status":"publish","type":"page","link":"https:\/\/speakfle.fr\/?page_id=343","title":{"rendered":""},"content":{"rendered":"\n<h2 class=\"wp-block-heading has-text-align-center\">Cours collectifs<\/h2>\n\n\n\n<p>Vous souhaitez apprendre le fran\u00e7ais en couple ou simplement avec des amis, ces cours sont faits pour vous. L&#8217;approche utilis\u00e9e est dynamique et s&#8217;adapte \u00e0 vos besoins, vous pourrez <strong>\u00e9changer<\/strong> et <strong>interagir<\/strong> avec l&#8217;enseignant et les autres membres du groupe.<\/p>\n\n\n\n<p> Vous \u00e9couterez des enregistrements, vous lirez des textes qui serviront de supports pour v\u00e9rifier votre compr\u00e9hension.  Vous jouerez \u00e9galement des r\u00f4les tr\u00e8s r\u00e9alistes qui vous permettront d&#8217;appr\u00e9hender diff\u00e9rentes situations de la vie quotidienne.<\/p>\n","protected":false},"excerpt":{"rendered":"<p>Cours collectifs Vous souhaitez apprendre le fran\u00e7ais en couple ou simplement avec des amis, ces cours sont faits pour vous. L&#8217;approche utilis\u00e9e est dynamique et s&#8217;adapte \u00e0 vos besoins, vous pourrez \u00e9changer et interagir avec l&#8217;enseignant et les autres membres du groupe. Vous \u00e9couterez des enregistrements, vous lirez des textes qui serviront de supports pour [&hellip;]<\/p>\n","protected":false},"author":1,"featured_media":0,"parent":0,"menu_order":0,"comment_status":"closed","ping_status":"closed","template":"","meta":{"_monsterinsights_skip_tracking":false,"_monsterinsights_sitenote_active":false,"_monsterinsights_sitenote_note":"","_monsterinsights_sitenote_category":0,"footnotes":""},"class_list":["post-343","page","type-page","status-publish","hentry"],"_links":{"self":[{"href":"https:\/\/speakfle.fr\/index.php?rest_route=\/wp\/v2\/pages\/343","targetHints":{"allow":["GET"]}}],"collection":[{"href":"https:\/\/speakfle.fr\/index.php?rest_route=\/wp\/v2\/pages"}],"about":[{"href":"https:\/\/speakfle.fr\/index.php?rest_route=\/wp\/v2\/types\/page"}],"author":[{"embeddable":true,"href":"https:\/\/speakfle.fr\/index.php?rest_route=\/wp\/v2\/users\/1"}],"replies":[{"embeddable":true,"href":"https:\/\/speakfle.fr\/index.php?rest_route=%2Fwp%2Fv2%2Fcomments&post=343"}],"version-history":[{"count":2,"href":"https:\/\/speakfle.fr\/index.php?rest_route=\/wp\/v2\/pages\/343\/revisions"}],"predecessor-version":[{"id":355,"href":"https:\/\/speakfle.fr\/index.php?rest_route=\/wp\/v2\/pages\/343\/revisions\/355"}],"wp:attachment":[{"href":"https:\/\/speakfle.fr\/index.php?rest_route=%2Fwp%2Fv2%2Fmedia&parent=343"}],"curies":[{"name":"wp","href":"https:\/\/api.w.org\/{rel}","templated":true}]}}