{"id":335,"date":"2023-10-07T11:14:58","date_gmt":"2023-10-07T09:14:58","guid":{"rendered":"https:\/\/speakfle.fr\/?page_id=335"},"modified":"2023-12-02T10:48:35","modified_gmt":"2023-12-02T09:48:35","slug":"cours-particuliers","status":"publish","type":"page","link":"https:\/\/speakfle.fr\/?page_id=335","title":{"rendered":""},"content":{"rendered":"\n<h2 class=\"wp-block-heading has-text-align-center\" style=\"font-size:50px;font-style:normal;font-weight:200\">Cours particuliers<\/h2>\n\n\n\n<p><strong>1 h de face \u00e0 face<\/strong> avec le professeur. Vous  travaillerez les diff\u00e9rentes comp\u00e9tences langagi\u00e8res :<strong> Compr\u00e9hension orale<\/strong>, <strong>compr\u00e9hension \u00e9crite<\/strong>, <strong>production orale<\/strong>, <strong>production \u00e9crite<\/strong> et<strong> interaction orale<\/strong>. La  m\u00e9thode utilis\u00e9e est interactive et centr\u00e9e sur vos besoins avec une priorit\u00e9 donn\u00e9e \u00e0 l&#8217;oral car une langue doit avant tout \u00eatre parl\u00e9e.<\/p>\n\n\n\n<p>Diff\u00e9rents supports sont utilis\u00e9s pour l&#8217;apprentissage : enregistrements audio, textes, images, vid\u00e9os, articles, brochures, programmes, etc&#8230;. La plupart des documents  sont authentiques pour \u00eatre au plus proche de la r\u00e9alit\u00e9 et vous aider \u00e0 appr\u00e9hender la langue de mani\u00e8re efficace.<\/p>\n","protected":false},"excerpt":{"rendered":"<p>Cours particuliers 1 h de face \u00e0 face avec le professeur. Vous travaillerez les diff\u00e9rentes comp\u00e9tences langagi\u00e8res : Compr\u00e9hension orale, compr\u00e9hension \u00e9crite, production orale, production \u00e9crite et interaction orale. La m\u00e9thode utilis\u00e9e est interactive et centr\u00e9e sur vos besoins avec une priorit\u00e9 donn\u00e9e \u00e0 l&#8217;oral car une langue doit avant tout \u00eatre parl\u00e9e. Diff\u00e9rents supports [&hellip;]<\/p>\n","protected":false},"author":1,"featured_media":0,"parent":0,"menu_order":0,"comment_status":"closed","ping_status":"closed","template":"","meta":{"_monsterinsights_skip_tracking":false,"_monsterinsights_sitenote_active":false,"_monsterinsights_sitenote_note":"","_monsterinsights_sitenote_category":0,"footnotes":""},"class_list":["post-335","page","type-page","status-publish","hentry"],"_links":{"self":[{"href":"https:\/\/speakfle.fr\/index.php?rest_route=\/wp\/v2\/pages\/335","targetHints":{"allow":["GET"]}}],"collection":[{"href":"https:\/\/speakfle.fr\/index.php?rest_route=\/wp\/v2\/pages"}],"about":[{"href":"https:\/\/speakfle.fr\/index.php?rest_route=\/wp\/v2\/types\/page"}],"author":[{"embeddable":true,"href":"https:\/\/speakfle.fr\/index.php?rest_route=\/wp\/v2\/users\/1"}],"replies":[{"embeddable":true,"href":"https:\/\/speakfle.fr\/index.php?rest_route=%2Fwp%2Fv2%2Fcomments&post=335"}],"version-history":[{"count":3,"href":"https:\/\/speakfle.fr\/index.php?rest_route=\/wp\/v2\/pages\/335\/revisions"}],"predecessor-version":[{"id":367,"href":"https:\/\/speakfle.fr\/index.php?rest_route=\/wp\/v2\/pages\/335\/revisions\/367"}],"wp:attachment":[{"href":"https:\/\/speakfle.fr\/index.php?rest_route=%2Fwp%2Fv2%2Fmedia&parent=335"}],"curies":[{"name":"wp","href":"https:\/\/api.w.org\/{rel}","templated":true}]}}